actor of 8 and 40?
8
What is the greatest common factor of 8932 and 77?
77
What is the highest common factor of 275 and 33?
11
What is the greatest common factor of 14 and 1582?
14
What is the greatest common factor of 35 and 20?
5
What is the greatest common factor of 252 and 492?
12
Calculate the highest common divisor of 34140 and 60.
60
Calculate the greatest common factor of 118 and 472.
118
Calculate the highest common divisor of 1255 and 85.
5
Calculate the highest common factor of 80 and 2320.
80
Calculate the greatest common factor of 18 and 4.
2
Calculate the highest common factor of 1643 and 31.
31
What is the greatest common divisor of 12 and 42?
6
Calculate the greatest common factor of 1269 and 81.
27
What is the highest common divisor of 48 and 6?
6
Calculate the greatest common factor of 34 and 1717.
17
What is the greatest common divisor of 296 and 222?
74
What is the highest common factor of 8346 and 78?
78
What is the greatest common factor of 76 and 171?
19
What is the greatest common factor of 32 and 216?
8
Calculate the highest common factor of 306 and 1462.
34
Calculate the greatest common divisor of 51860 and 20.
20
Calculate the greatest common divisor of 110 and 22.
22
Calculate the greatest common divisor of 300 and 24.
12
What is the greatest common factor of 155 and 105?
5
Calculate the greatest common divisor of 168 and 224.
56
What is the highest common divisor of 556 and 139?
139
What is the greatest common divisor of 56 and 98?
14
What is the greatest common factor of 93 and 62?
31
What is the greatest common divisor of 2937 and 801?
267
What is the greatest common factor of 12580 and 1850?
370
What is the greatest common factor of 392 and 5292?
196
Calculate the highest common divisor of 87 and 9831.
87
What is the greatest common divisor of 195 and 117?
39
Calculate the greatest common divisor of 96 and 9568.
32
What is the greatest common factor of 1225 and 196?
49
Calculate the greatest common divisor of 20 and 290.
10
What is the highest common factor of 48 and 9384?
24
What is the greatest common factor of 182 and 14?
14
Calculate the greatest common divisor of 2 and 32.
2
Calculate the greatest common factor of 56 and 88.
8
What is the highest common factor of 908 and 4?
4
Calculate the greatest common divisor of 82 and 369.
41
Calculate the highest common factor of 528 and 55.
11
Calculate the highest common factor of 418 and 77.
11
Calculate the highest common divisor of 85 and 125.
5
What is the greatest common factor of 57 and 152?
19
Calculate the greatest common factor of 7 and 7.
7
Calculate the greatest common factor of 14972 and 76.
76
Calculate the greatest common factor of 5491 and 38.
19
What is the greatest common factor of 252 and 224?
28
What is the highest common divisor of 187 and 176?
11
What is the greatest common factor of 1850 and 150?
50
Calculate the highest common factor of 56 and 98.
14
Calculate the greatest common factor of 58 and 2813.
29
What is the highest common factor of 5382 and 4002?
138
What is the highest common divisor of 26 and 4667?
13
Calculate the highest common factor of 145 and 15.
5
What is the greatest common divisor of 5 and 2105?
5
What is the greatest common divisor of 722 and 950?
38
Calculate the highest common divisor of 905 and 362.
181
Calculate the greatest common divisor of 25 and 125.
25
What is the greatest common factor of 1533 and 231?
21
What is the greatest common factor of 2025 and 600?
75
Calculate the greatest common factor of 1536 and 12.
12
Calculate the highest common factor of 14 and 707.
7
Calculate the highest common factor of 11 and 3487.
11
What is the greatest common divisor of 12 and 748?
4
Calculate the highest common factor of 720 and 100.
20
Calculate the greatest common divisor of 486 and 24.
6
Calculate the greatest common factor of 850 and 100.
50
Calculate the highest common divisor of 1215 and 10.
5
Calculate the highest common factor of 1252 and 120.
4
Calculate the greatest common factor of 736 and 161.
23
What is the highest common factor of 36 and 1?
1
What is the greatest common factor of 335 and 2077?
67
Calculate the greatest common factor of 17 and 3247.
17
Calculate the highest common divisor of 1606 and 66.
22
Calculate the highest common factor of 3206 and 4.
2
What is the highest common factor of 250 and 14150?
50
Calculate the highest common divisor of 2242 and 152.
38
What is the greatest common divisor of 556 and 4170?
278
Calculate the highest common divisor of 135 and 72.
9
Calculate the greatest common divisor of 152 and 2299.
19
What is the greatest common divisor of 105 and 18?
3
What is the greatest common divisor of 368 and 64?
16
What is the greatest common divisor of 226 and 7910?
226
What is the greatest common factor of 9 and 4050?
9
Calculate the greatest common divisor of 147 and 3.
3
Calculate the highest common factor of 851 and 46.
23
What is the greatest common divisor of 12 and 1077?
3
What is the highest common factor of 3854 and 369?
41
Calculate the greatest common factor of 84 and 444.
12
Calculate the highest common divisor of 23156 and 4.
4
What is the highest common divisor of 6 and 843?
3
What is the highest common factor of 9 and 1152?
9
What is the greatest common factor of 14 and 1547?
7
Calculate the greatest common divisor of 176 and 240.
16
Calculate the greatest common divisor of 78 and 11206.
26
Calculate the greatest common divisor of 18 and 18.
18
What is the highest common factor of 1417 and 13?
13
What is the greatest common factor of 13380 and 60?
60
What is the greatest common factor of 3367 and 13?
13
Calculate the highest common divisor of 476 and 34.
34
Calculate the highest common factor of 3509 and 11.
11
What is the greatest common divisor of 1109 and 5?
1
Calculate the greatest common divisor of 3479 and 142.
71
What is the highest common factor of 26 and 91?
13
What is the greatest common factor of 77 and 253?
11
What is the highest common divisor of 28 and 524?
4
What is the greatest common factor of 384 and 168?
24
What is the greatest common divisor of 19 and 8759?
19
What is the greatest common divisor of 351 and 27?
27
Calculate the highest common divisor of 57 and 627.
57
What is the greatest common factor of 3014 and 22?
22
What is the highest common factor of 16 and 10616?
8
Calculate the greatest common divisor of 81 and 4779.
81
Calculate the highest common divisor of 142 and 16.
2
Calculate the highest common factor of 7766 and 88.
22
What is the highest common divisor of 21 and 6?
3
Calculate the greatest common divisor of 220 and 13068.
44
Calculate the highest common factor of 126 and 288.
18
What is the highest common factor of 490 and 12390?
70
What is the highest common divisor of 73 and 511?
73
What is the highest common factor of 98 and 7693?
49
Calculate the highest common divisor of 176 and 10384.
176
Calculate the highest common factor of 7 and 2751.
7
What is the highest common factor of 610 and 1891?
61
Calculate the highest common divisor of 84 and 308.
28
Calculate the highest common divisor of 88 and 28204.
44
Calculate the greatest common factor of 94 and 3008.
94
What is the highest common factor of 169 and 26?
13
Calculate the greatest common divisor of 30 and 6315.
15
Calculate the greatest common factor of 12 and 128.
4
Calculate the highest common factor of 1025 and 41.
41
What is the highest common factor of 61 and 2623?
61
What is the greatest common factor of 146 and 3?
1
Calculate the greatest common factor of 340 and 130.
10
Calculate the greatest common divisor of 7208 and 136.
136
Calculate the greatest common divisor of 290 and 3886.
58
What is the highest common divisor of 53796 and 24?
12
Calculate the highest common divisor of 46168 and 116.
116
What is the highest common divisor of 40 and 7496?
8
What is the greatest common factor of 420 and 48?
12
Calculate the greatest common divisor of 11 and 1969.
11
What is the highest common factor of 511 and 2993?
73
Calculate the greatest common divisor of 24 and 932.
4
What is the highest common divisor of 7134 and 41?
41
Calculate the highest common factor of 125 and 13375.
125
What is the greatest common divisor of 448 and 112?
112
What is the highest common factor of 